{"id":98,"date":"2020-04-05T15:04:40","date_gmt":"2020-04-05T15:04:40","guid":{"rendered":"https:\/\/ganz-neue-wege.de\/?page_id=98"},"modified":"2024-08-15T08:56:43","modified_gmt":"2024-08-15T06:56:43","slug":"ueber-mich","status":"publish","type":"page","link":"https:\/\/ganz-neue-wege.de\/?page_id=98","title":{"rendered":"Profil"},"content":{"rendered":"<p><strong>Zusatzausbildungen:<\/strong><\/p>\n<ul>\n<li>Coach f\u00fcr Medienkompetenz<\/li>\n<li>Multiplikatorin des Bundesverbandes f\u00fcr Kindertagespflege e.V., Berlin<\/li>\n<li>Heilpraktikerin f\u00fcr Psychotherapie nach dem Heilpraktikergesetz (HPG)<\/li>\n<li>Kreative Kinder- und Familientherapeutin (Zwtk)<\/li>\n<li>Musiktherapeutin (Zwtk)<\/li>\n<li>Kirchenmusikerin<\/li>\n<li>Fremdsprachenkorrespondentin<\/li>\n<\/ul>\n<p><strong>Berufserfahrungen:<\/strong><\/p>\n<ul>\n<li>Unterrichtst\u00e4tigkeit und Klassenleitung in der Grundschule\u00a0<\/li>\n<li>Beratung von Eltern in Schule und Praxis<\/li>\n<li>Beratung von Kita-Teams f\u00fcr verschiedene Tr\u00e4ger der Jugendhilfe<\/li>\n<li>Seminart\u00e4tigkeit f\u00fcr das Katholische Bildungsforum D\u00fcren<\/li>\n<li>Seminart\u00e4tigkeit f\u00fcr die Bisch\u00f6fliche Akdademie Aachen<\/li>\n<li>Leitung des Elementarbereichs der Musikschule D\u00fcren<\/li>\n<li>Leitung von (Kinder-)Ch\u00f6ren<\/li>\n<\/ul>\n<figure>\n<figcaption><\/figcaption>\n<\/figure>\n\n\n<p class=\"has-text-align-right\"><img fetchpriority=\"high\" decoding=\"async\" width=\"300\" height=\"400\" class=\"wp-image-355\" style=\"width: 300px;\" src=\"https:\/\/ganz-neue-wege.de\/wp-content\/uploads\/2024\/08\/KonnySommer2.jpg\" alt=\"\" srcset=\"https:\/\/ganz-neue-wege.de\/wp-content\/uploads\/2024\/08\/KonnySommer2.jpg 1200w, https:\/\/ganz-neue-wege.de\/wp-content\/uploads\/2024\/08\/KonnySommer2-225x300.jpg 225w, https:\/\/ganz-neue-wege.de\/wp-content\/uploads\/2024\/08\/KonnySommer2-768x1024.jpg 768w, https:\/\/ganz-neue-wege.de\/wp-content\/uploads\/2024\/08\/KonnySommer2-1152x1536.jpg 1152w, https:\/\/ganz-neue-wege.de\/wp-content\/uploads\/2024\/08\/KonnySommer2-45x60.jpg 45w\" sizes=\"(max-width: 300px) 100vw, 300px\" \/><\/p>\n","protected":false},"excerpt":{"rendered":"<p>Zusatzausbildungen: Coach f\u00fcr Medienkompetenz Multiplikatorin des Bundesverbandes f\u00fcr Kindertagespflege e.V., Berlin Heilpraktikerin f\u00fcr Psychotherapie nach dem Heilpraktikergesetz (HPG) Kreative Kinder- und Familientherapeutin (Zwtk) Musiktherapeutin (Zwtk) Kirchenmusikerin Fremdsprachenkorrespondentin Berufserfahrungen: Unterrichtst\u00e4tigkeit und &hellip; <\/p>\n","protected":false},"author":1,"featured_media":0,"parent":0,"menu_order":0,"comment_status":"closed","ping_status":"closed","template":"","meta":{"footnotes":""},"class_list":["post-98","page","type-page","status-publish","hentry"],"_links":{"self":[{"href":"https:\/\/ganz-neue-wege.de\/index.php?rest_route=\/wp\/v2\/pages\/98","targetHints":{"allow":["GET"]}}],"collection":[{"href":"https:\/\/ganz-neue-wege.de\/index.php?rest_route=\/wp\/v2\/pages"}],"about":[{"href":"https:\/\/ganz-neue-wege.de\/index.php?rest_route=\/wp\/v2\/types\/page"}],"author":[{"embeddable":true,"href":"https:\/\/ganz-neue-wege.de\/index.php?rest_route=\/wp\/v2\/users\/1"}],"replies":[{"embeddable":true,"href":"https:\/\/ganz-neue-wege.de\/index.php?rest_route=%2Fwp%2Fv2%2Fcomments&post=98"}],"version-history":[{"count":21,"href":"https:\/\/ganz-neue-wege.de\/index.php?rest_route=\/wp\/v2\/pages\/98\/revisions"}],"predecessor-version":[{"id":366,"href":"https:\/\/ganz-neue-wege.de\/index.php?rest_route=\/wp\/v2\/pages\/98\/revisions\/366"}],"wp:attachment":[{"href":"https:\/\/ganz-neue-wege.de\/index.php?rest_route=%2Fwp%2Fv2%2Fmedia&parent=98"}],"curies":[{"name":"wp","href":"https:\/\/api.w.org\/{rel}","templated":true}]}}

<p><strong>Zusatzausbildungen:</strong></p>
<ul>
<li>Coach für Medienkompetenz</li>
<li>Multiplikatorin des Bundesverbandes für Kindertagespflege e.V., Berlin</li>
<li>Heilpraktikerin für Psychotherapie nach dem Heilpraktikergesetz (HPG)</li>
<li>Kreative Kinder- und Familientherapeutin (Zwtk)</li>
<li>Musiktherapeutin (Zwtk)</li>
<li>Kirchenmusikerin</li>
<li>Fremdsprachenkorrespondentin</li>
</ul>
<p><strong>Berufserfahrungen:</strong></p>
<ul>
<li>Unterrichtstätigkeit und Klassenleitung in der Grundschule </li>
<li>Beratung von Eltern in Schule und Praxis</li>
<li>Beratung von Kita-Teams für verschiedene Träger der Jugendhilfe</li>
<li>Seminartätigkeit für das Katholische Bildungsforum Düren</li>
<li>Seminartätigkeit für die Bischöfliche Akdademie Aachen</li>
<li>Leitung des Elementarbereichs der Musikschule Düren</li>
<li>Leitung von (Kinder-)Chören</li>
</ul>
<figure>
<figcaption></figcaption>
</figure>


<p class="has-text-align-right"><img fetchpriority="high" decoding="async" width="300" height="400" class="wp-image-355" style="width: 300px;" src="https://ganz-neue-wege.de/wp-content/uploads/2024/08/KonnySommer2.jpg" alt="" srcset="https://ganz-neue-wege.de/wp-content/uploads/2024/08/KonnySommer2.jpg 1200w, https://ganz-neue-wege.de/wp-content/uploads/2024/08/KonnySommer2-225x300.jpg 225w, https://ganz-neue-wege.de/wp-content/uploads/2024/08/KonnySommer2-768x1024.jpg 768w, https://ganz-neue-wege.de/wp-content/uploads/2024/08/KonnySommer2-1152x1536.jpg 1152w, https://ganz-neue-wege.de/wp-content/uploads/2024/08/KonnySommer2-45x60.jpg 45w" sizes="(max-width: 300px) 100vw, 300px" /></p>

<p>Zusatzausbildungen: Coach für Medienkompetenz Multiplikatorin des Bundesverbandes für Kindertagespflege e.V., Berlin Heilpraktikerin für Psychotherapie nach dem Heilpraktikergesetz (HPG) Kreative Kinder- und Familientherapeutin (Zwtk) Musiktherapeutin (Zwtk) Kirchenmusikerin Fremdsprachenkorrespondentin Berufserfahrungen: Unterrichtstätigkeit und &hellip; </p>
